t is the highest common factor of 272 and 495907?
17
What is the greatest common factor of 144 and 481744?
16
Calculate the highest common divisor of 5385 and 25.
5
Calculate the highest common divisor of 539 and 35706.
11
Calculate the highest common divisor of 53456 and 3367.
13
What is the highest common factor of 708 and 304?
4
What is the greatest common factor of 91778 and 842?
842
Calculate the greatest common factor of 2810 and 100.
10
What is the greatest common divisor of 124642 and 1624?
406
What is the greatest common divisor of 12312 and 768?
24
What is the highest common factor of 999 and 3922?
37
Calculate the highest common divisor of 88 and 715.
11
Calculate the greatest common divisor of 4375 and 2065.
35
Calculate the highest common factor of 9 and 509499.
9
Calculate the greatest common divisor of 152 and 1846268.
76
What is the highest common factor of 12636 and 82620?
972
Calculate the greatest common divisor of 240 and 2020.
20
Calculate the greatest common factor of 70 and 1603.
7
What is the greatest common divisor of 72478 and 2672?
334
What is the highest common factor of 1208 and 41864?
8
Calculate the greatest common divisor of 69100 and 8.
4
What is the greatest common factor of 769104 and 8393?
763
Calculate the highest common divisor of 2247048 and 8.
8
Calculate the greatest common divisor of 133090 and 30.
10
Calculate the greatest common divisor of 85033 and 26.
13
What is the greatest common divisor of 87172 and 34162?
1178
Calculate the highest common divisor of 3087 and 16443.
63
Calculate the greatest common divisor of 308 and 20372.
44
What is the highest common factor of 90628 and 5542?
326
Calculate the highest common factor of 18 and 25443.
9
Calculate the highest common factor of 247 and 3990.
19
What is the greatest common factor of 8 and 59696?
8
What is the highest common factor of 11628 and 1224?
612
Calculate the greatest common divisor of 225277 and 124.
31
Calculate the greatest common divisor of 7191927 and 9.
9
Calculate the greatest common factor of 16176 and 576.
48
What is the highest common divisor of 828 and 3654?
18
What is the greatest common factor of 5 and 813385?
5
Calculate the greatest common divisor of 9690 and 6222.
102
What is the greatest common factor of 821985 and 15?
15
Calculate the highest common factor of 94863 and 1228.
307
Calculate the greatest common divisor of 88 and 9656.
8
What is the highest common divisor of 7106 and 4862?
374
What is the greatest common divisor of 524717 and 1622?
811
Calculate the greatest common factor of 52076 and 4700.
188
What is the greatest common factor of 130408 and 376?
8
What is the greatest common divisor of 162536 and 88?
88
What is the highest common divisor of 535 and 1445463?
107
Calculate the greatest common divisor of 198 and 97977.
33
What is the greatest common divisor of 426 and 1200?
6
Calculate the greatest common divisor of 7936 and 581312.
1984
What is the highest common divisor of 621147 and 93?
93
Calculate the highest common factor of 287508 and 65.
13
What is the greatest common divisor of 118250 and 220?
110
Calculate the greatest common divisor of 91 and 6175.
13
What is the highest common factor of 4065 and 1047?
3
Calculate the greatest common divisor of 63 and 89901.
63
Calculate the greatest common divisor of 1487706 and 66.
66
What is the highest common divisor of 50 and 20270?
10
Calculate the greatest common factor of 174 and 1695978.
174
What is the greatest common factor of 48 and 4749720?
24
What is the greatest common factor of 14 and 11984?
14
Calculate the highest common divisor of 2 and 28962.
2
What is the highest common divisor of 77927 and 523?
523
What is the greatest common divisor of 3749914 and 488?
122
What is the greatest common divisor of 21 and 2788422?
21
What is the highest common factor of 3969 and 28?
7
What is the highest common factor of 909 and 22624?
101
Calculate the highest common divisor of 24742 and 695.
139
What is the highest common divisor of 2136 and 150?
6
What is the greatest common factor of 126 and 2310?
42
Calculate the greatest common divisor of 14421 and 363.
33
What is the greatest common divisor of 846 and 3015567?
423
Calculate the highest common factor of 35904 and 459.
51
Calculate the highest common factor of 2118 and 235804.
706
What is the highest common factor of 439 and 23267?
439
Calculate the highest common factor of 343960 and 40.
40
Calculate the greatest common factor of 1540 and 289940.
140
What is the highest common divisor of 1420 and 860?
20
What is the greatest common factor of 190 and 711550?
190
Calculate the highest common factor of 21294058 and 526.
526
What is the greatest common divisor of 696 and 6264?
696
What is the greatest common divisor of 16 and 4028112?
16
Calculate the highest common divisor of 374564 and 2900.
116
What is the greatest common divisor of 39032 and 1309?
119
Calculate the greatest common factor of 1462 and 1762441.
731
Calculate the greatest common factor of 33627 and 1320.
33
Calculate the highest common divisor of 1771 and 1813.
7
Calculate the highest common divisor of 194684 and 56.
28
What is the greatest common factor of 6176 and 160?
32
What is the greatest common factor of 69 and 153?
3
What is the greatest common factor of 812 and 145232?
116
What is the greatest common divisor of 295 and 281135?
295
Calculate the highest common divisor of 51562 and 307594.
1778
Calculate the highest common factor of 640024 and 6776.
616
Calculate the highest common divisor of 240 and 1686120.
120
Calculate the highest common factor of 255 and 6953.
17
Calculate the highest common factor of 1196 and 8124428.
1196
Calculate the highest common divisor of 284 and 266108.
284
Calculate the greatest common divisor of 759 and 141680.
253
What is the highest common factor of 90896 and 2704?
208
What is the greatest common factor of 1480 and 244015?
185
What is the highest common divisor of 247336 and 688?
344
What is the highest common factor of 20 and 11095?
5
Calculate the highest common divisor of 8470 and 13825.
35
Calculate the highest common factor of 7876 and 5728.
716
What is the highest common divisor of 244 and 83082?
122
Calculate the highest common factor of 666 and 8622.
18
Calculate the greatest common factor of 275169 and 1407.
201
What is the greatest common divisor of 1119356 and 196?
196
What is the highest common factor of 292 and 381425?
73
Calculate the highest common factor of 47540 and 20.
20
Calculate the highest common factor of 16722 and 288.
18
What is the highest common divisor of 168 and 21408?
24
Calculate the highest common factor of 63171 and 63.
9
Calculate the greatest common factor of 40260 and 1650.
330
Calculate the highest common factor of 19186 and 5671.
53
What is the greatest common divisor of 97 and 18540386?
97
What is the greatest common factor of 69924 and 12?
12
What is the greatest common factor of 169740 and 7636?
92
Calculate the greatest common divisor of 15 and 447165.
15
What is the greatest common divisor of 50 and 1874690?
10
Calculate the highest common divisor of 1341456 and 144.
48
What is the greatest common factor of 25978 and 67878?
838
What is the highest common factor of 203 and 116087?
29
Calculate the highest common divisor of 216376 and 748.
68
Calculate the highest common factor of 69365 and 235.
5
Calculate the greatest common factor of 9307 and 2043.
227
Calculate the highest common factor of 102327 and 46.
23
Calculate the greatest common factor of 14514 and 738.
246
Calculate the highest common factor of 10127 and 104.
13
Calculate the highest common divisor of 42 and 566784.
6
Calculate the greatest common factor of 2262947 and 23.
23
What is the highest common divisor of 17025 and 75?
75
Calculate the greatest common factor of 194700 and 354.
354
Calculate the highest common factor of 47472 and 18768.
1104
What is the greatest common divisor of 8845564 and 1064?
532
What is the highest common divisor of 1035 and 22185?
45
Calculate the greatest common factor of 22345 and 120.
5
What is the highest common divisor of 756 and 2884?
28
Calculate the greatest common divisor of 9114 and 4433.
31
What is the highest common factor of 6318 and 2652?
78
What is the 